ue
Is 28 a factor of 428510?
False
Is 189 a factor of 4154275?
False
Is 670 a factor of 1763440?
True
Is 5232372 a multiple of 228?
True
Is 417258 a multiple of 27?
True
Is 17 a factor of 16988389?
True
Is 346 a factor of 6392153?
False
Does 18 divide 252118?
False
Does 7 divide 185718?
False
Is 44 a factor of 951024?
False
Is 166622 a multiple of 179?
False
Does 624 divide 1707264?
True
Does 110 divide 712250?
True
Is 62 a factor of 97783?
False
Is 808308 a multiple of 55?
False
Is 58 a factor of 147812?
False
Does 53 divide 2819286?
False
Is 1504 a factor of 4475904?
True
Does 126 divide 10071178?
False
Is 3669813 a multiple of 222?
False
Is 1082410 a multiple of 70?
True
Is 264628 a multiple of 13?
True
Is 39 a factor of 178784?
False
Is 8 a factor of 113000?
True
Is 20 a factor of 2643715?
False
Is 3838521 a multiple of 1925?
False
Is 7380 even?
True
Does 75 divide 546777?
False
Does 4 divide 6422?
False
Is 21 a factor of 2498412?
True
Is 15 a factor of 159140?
False
Does 26 divide 304425?
False
Is 88635 even?
False
Is 1438 a factor of 733121?
False
Does 567 divide 5733087?
False
Is 395893 a multiple of 149?
True
Does 39 divide 103233?
True
Is 23 a factor of 7961884?
False
Is 76 a factor of 101080?
True
Does 15 divide 85261?
False
Is 4851691 a multiple of 8?
False
Does 204 divide 5079884?
False
Is 420810 a multiple of 249?
True
Does 109 divide 257419?
False
Is 237 a factor of 767169?
True
Is 195 a factor of 407940?
True
Is 823115 a multiple of 50?
False
Is 197812 a multiple of 490?
False
Is 205116 a multiple of 6?
True
Is 13742991 a multiple of 1907?
False
Is 192033 a multiple of 2?
False
Is 562662 a multiple of 41?
False
Does 6 divide 338376?
True
Does 34 divide 1224?
True
Does 60 divide 8977174?
False
Is 285570 a multiple of 10?
True
Is 89 a factor of 132008?
False
Does 73 divide 319959?
True
Is 72740 a multiple of 4?
True
Is 387 a factor of 502265?
False
Is 63 a factor of 18918?
False
Does 27 divide 38962?
False
Is 307 a factor of 13478105?
False
Is 27 a factor of 26146?
False
Is 274092 a multiple of 364?
True
Does 6 divide 126981?
False
Does 28 divide 2885596?
True
Is 150111 a multiple of 13?
True
Is 22 a factor of 593010?
True
Is 56950 a multiple of 10?
True
Does 18 divide 197068?
False
Is 54 a factor of 129429?
False
Does 72 divide 3862207?
False
Is 4014276 a multiple of 14?
True
Is 46 a factor of 447488?
True
Is 30270 a multiple of 15?
True
Does 11 divide 240809?
False
Is 297 a factor of 319980?
False
Does 10 divide 198209?
False
Is 200064 a multiple of 3?
True
Does 103 divide 25058?
False
Is 88 a factor of 174654?
False
Is 71 a factor of 12993?
True
Does 378 divide 879227?
False
Is 328 a factor of 1061555?
False
Is 191 a factor of 293109?
False
Is 46177 a multiple of 150?
False
Is 5372735 a multiple of 22?
False
Is 266 a factor of 4083162?
False
Is 1406188 a multiple of 23?
False
Is 1219251 a multiple of 15?
False
Is 60804 a multiple of 54?
True
Is 940369 a multiple of 54?
False
Is 25 a factor of 2113575?
True
Does 695 divide 3192135?
True
Is 1117 a factor of 901419?
True
Is 998298 a multiple of 171?
True
Does 31 divide 528432?
False
Is 44 a factor of 132572?
True
Is 152 a factor of 14872659?
False
Is 2641658 a multiple of 214?
False
Does 121 divide 103903?
False
Is 40 a factor of 53400?
True
Is 1090650 a multiple of 15?
True
Is 63164 a multiple of 6?
False
Is 184539 a multiple of 14?
False
Does 313 divide 320988?
False
Does 570 divide 438900?
True
Is 7 a factor of 9185728?
False
Is 78 a factor of 1804635?
False
Does 85 divide 49385?
True
Does 158 divide 141410?
True
Is 35219 a multiple of 29?
False
Is 2322213 a multiple of 24?
False
Is 13 a factor of 20341?
False
Is 3315784 a multiple of 8?
True
Is 83720 a multiple of 10?
True
Does 42 divide 776118?
True
Is 10 a factor of 31830?
True
Is 59 a factor of 628232?
True
Does 44 divide 3882861?
False
Is 134085 a multiple of 168?
False
Does 55 divide 901167?
False
Is 40 a factor of 5179400?
True
Is 63 a factor of 671453?
False
Is 305 a factor of 22693?
False
Is 1118073 a multiple of 59?
False
Is 2 a factor of 34034?
True
Is 50 a factor of 41250?
True
Is 286 a factor of 1103306?
False
Does 31 divide 15644?
False
Is 1834595 a multiple of 265?
True
Does 67 divide 1943337?
False
Is 1414016 a multiple of 692?
False
Does 3 divide 344235?
True
Is 842754 a multiple of 22?
True
Is 167 a factor of 4703054?
True
Is 779 a factor of 1833143?
False
Is 3 a factor of 51420?
True
Is 5 a factor of 2859217?
False
Is 86 a factor of 1234014?
True
Does 419 divide 11427854?
False
Is 84132 a multiple of 19?
True
Is 167938 a multiple of 16?
False
Is 7725609 a multiple of 36?
False
Is 16 a factor of 36416?
True
Is 6 a factor of 3856898?
False
Is 1733411 a multiple of 6?
False
Is 206 a factor of 1889844?
True
Is 21335228 a multiple of 59?
False
Does 261 divide 233032?
False
Is 11 a factor of 233354?
True
Is 41 a factor of 39032?
True
Is 13362 a multiple of 6?
True
Is 87 a factor of 620029?
False
Does 19 divide 18444239?
False
Does 29 divide 6042295?
True
Is 29 a factor of 2063620?
False
Does 223 divide 197752?
False
Is 469655 a multiple of 29?
True
Does 55 divide 754490?
True
Is 155 a factor of 2552309?
False
Is 5213304 a multiple of 1435?
False
Is 120621 a multiple of 56?
False
Does 3 divide 1674225?
True
Does 69 divide 81489?
True
Does 125 divide 789125?
True
Does 1547 divide 3412682?
True
Does 404 divide 61047?
False
Is 793 a factor of 5281902?
False
Is 31 a factor of 157253?
False
Does 81 divide 450686?
False
Is 256710 a multiple of 15?
True
Is 2443901 a multiple of 92?
False
Is 35 a factor of 363160?
True
Does 11 divide 95985?
False
Does 18 divide 77394?
False
Is 90 a factor of 28579140?
True
Is 19 a factor of 1837878?
False
Is 131 a factor of 11178756?
False
Is 253 a factor of 2664849?
True
Is 19 a factor of 1743897?
False
Does 227 divide 2190025?
False
Does 28 divide 597072?
True
Does 19 divide 28376728?
True
Does 68 divide 317560?
True
Is 233342 a multiple of 15?
False
Is 305928 a multiple of 8?
True
Is 96096 a multiple of 104?
True
Does 44 divide 1528264?
False
Does 100 divide 243756?
False
Is 7944589 a multiple of 23?
False
Is 10 a factor of 395290?
True
Is 414718 a multiple of 274?
False
Is 7 a factor of 439538?
False
Is 388516 a multiple of 15?
False
Is 43 a factor of 75361?
False
Is 639 a factor of 7728406?
False
Is 369 a factor of 117342?
True
Is 302539 a multiple of 116?
False
Is 314794 a multiple of 214?
True
Is 390554 a multiple of 154?
False
Is 879 a factor of 256668?
True
Is 2414857 a multiple of 251?
False
Does 3 divide 78219?
True
Is 62555 a multiple of 119?
False
Does 19 divide 1159603?
False
Does 10 divide 117550?
True
Is 1077318 a multiple of 3?
True
Does 109 divide 330175?
False
Is 16 a factor of 142789?
False
Is 274 a factor of 5210642?
False
Is 349 a factor of 6939167?
True
Is 193 a factor of 42331?
False
Is 138 a factor of 1099584?
True
Is 6539208 a multiple of 24?
True
Is 4997619 a multiple of 794?
False
Does 29 divide 356961?
True
Is 31 a factor of 1097470?
False
Is 76609 a multiple of 71?
True
Does 11 divide 6288953?
True
Does 1205 divide 6663650?
True
Does 5 divide 4499?
False
Is 620193 a multiple of 7?
True
Is 2804805 a multiple of 45?
True
Is 6136487 a multiple of 386?
False
Is 221 a factor of 655707?
True
Does 255 divide 2027505?
True
Is 13 a factor of 96434?
True
Is 352982 a multiple of 51?
False
Is 22980 a multiple of 10?
True
Is 89817 a multiple of 987?
True
Is 130868 a multiple of 5?
False
Does 11 divide 289355?
True
Is 235312 a multiple of 26?
False
Is 228 a factor of 878940?
True
Does 11 divide 1477405?
False
Is 3 a factor of 467190?
True
Does 11 divide 8598304?
True
Is 3411531 a multiple of 9?
True
Does 23 divide 3000902?
True
Does 23 divide 19395?
False
Is 1821534 a multiple of 143?
True
Is 37093361 a multiple of 1233?
False
Is 476 a factor of 2099160?
True
Is 58 a factor of 546974?
False
Is 2439450 a multiple of 25?
True
Is 80 a factor of 218160?
True
Is 9 a factor of 255479?
False
Is 1122510 a multiple of 834?
False
Does 786 divide 581640?
True
Does 6 divide 875796?
True
Is 182 a factor of 1178839?
False
Does 7 divide 33930?
False
Does 66 divide 50424?
True
Does 9 divide 11095749?
True
Is 4791 a multiple of 19?
False
Does 62 divide 488726?
False
Does 13 divide 77417